-6)/9. Suppose -5*o + p = o. Suppose 0 = 3*d + 2*d - o. List the prime factors of d.
2
Let h = 6 + -4. Let f(v) = 13*v**2 + 5*v**h - 17*v**2 - 12*v**3. List the prime factors of f(-1).
13
Suppose -45*i = -40*i - 515. What are the prime factors of i?
103
Let k(f) be the third derivative of 0 + 0*f + 2*f**3 - 11/60*f**5 - 5*f**2 + 1/120*f**6 + 1/24*f**4. What are the prime factors of k(11)?
23
Let f(n) = -3*n**3 + n**2 - 4*n + 8. What are the prime factors of f(-5)?
2, 107
Suppose -5*j + 304 - 1228 = -2*n, 0 = 5*n - 2*j - 2352. List the prime factors of n.
2, 59
Suppose -2*x - 1568 = -2*h - 5*x, -4*h - 4*x = -3128. List the prime factors of h.
2, 389
Let g = 622 + 1238. What are the prime factors of g?
2, 3, 5, 31
Suppose 0 = -5*l - 4*y + 3337, -694 = -3*l + y + 1315. List the prime factors of l.
3, 223
Let r = -4 - -9. Suppose 0 = r*k + k - 204. What are the prime factors of k?
2, 17
Let u(r) = 35*r - 8. Let p be u(-7). Let i = -74 - p. List the prime factors of i.
179
Let i(v) = -v**2 + 7. Let b be i(0). Suppose 0 = b*d - 2*d - 925. Suppose -111 = -3*m + 3*r, 3*r - d = -5*m - r. List the prime factors of m.
37
Suppose w = 2*w - 266. Suppose -16 = 4*a, 4*x + 4*a + 11 = 3*x. Suppose -w = -x*u - 2*u. List the prime factors of u.
2, 19
Let f = 4 + -1. Suppose -x = h + 2*h + 12, -f*h - 12 = -4*x. List the prime factors of h/18 + 1916/36.
53
Suppose -852 = a - 5*a. Let g be a/(-4)*8/(-3). Suppose 0 = 4*t - 70 - g. What are the prime factors of t?
53
Suppose 20 = -4*w + 4, 0 = v + 4*w - 325. What are the prime factors of v?
11, 31
Suppose -14*i + 5913 = -7583. Suppose 4*j = 2*s + i, -5*j + 4*s - 6*s + 1214 = 0. List the prime factors of j.
2, 11
Let p be (-26 - 0)*4/(-8). Let k = p + -9. List the prime factors of ((-2)/k)/((-4)/48).
2, 3
Let s be 0 - ((-2)/10 - 28/10). Suppose m + 2*p - 57 = 0, 0 = m + s*m + 5*p - 231. What are the prime factors of m?
59
Let u be (-5)/(-4)*4*-16. Let g be 2/13 + u/13. What are the prime factors of 4/g - (-261)/27?
3
Suppose -g + 13 - 17 = 0. Let r(c) = 4*c**2 - c + 2. What are the prime factors of r(g)?
2, 5, 7
Suppose -v = 3 + 10. Suppose 0*h + h - 15 = 0. Let i = v + h. List the prime factors of i.
2
What are the prime factors of (-2)/4 + 291/2?
5, 29
Suppose 8 = -2*o - 0, 3*u = -3*o + 21. Let a = u - -10. List the prime factors of a.
3, 7
Suppose -3*y - 180 = -9*y. What are the prime factors of y?
2, 3, 5
Suppose -2*a - 18 - 24 = 0. Let f be (-2)/9 - 52/9. What are the prime factors of a/(-14)*(-116)/f?
29
Suppose -3*p - 10 + 25 = 0, -4*q - 2*p = -54. Let m(x) = x + 21. Let a be m(-12). List the prime factors of (q - a) + 1*31.
3, 11
Suppose -1 - 6 = g + r, 2*g + 3*r = -18. Let a = 7 + g. Suppose a*l = 29 + 83. List the prime factors of l.
2, 7
Let m(r) = r + 2 + 2*r + 13*r. Let c be m(4). Suppose 10 = -2*j, -2*w = -6*w + 2*j + c. List the prime factors of w.
2, 7
Suppose -5*c = -22*c + 12665. What are the prime factors of c?
5, 149
Let a(k) = -k**2 + k + 19. What are the prime factors of a(4)?
7
Suppose 2*m + 9 = -m. Let s be (30/8)/(m/(-48)). Let f = 98 - s. What are the prime factors of f?
2, 19
Let j = 149 - 7. Suppose 8*t - 10*t = -j. What are the prime factors of t?
71
Suppose -3*d + 20 - 8 = 0. Let p be (2/d)/((-4)/(-32)). Suppose -4*o = -3*t + 87 - p, 4*o - 91 = -3*t. What are the prime factors of t?
29
Let f(t) = 35*t + 43. Let k(x) = -17*x - 22. Let r(q) = -6*f(q) - 11*k(q). What are the prime factors of r(-8)?
2, 3, 7
Suppose -2*c + 3*a + 3611 = 832, 3*c + 5*a - 4159 = 0. List the prime factors of c.
2, 347
Let y be 15/20 + 13/4. Suppose y*i = -5*t + 17, 3*i + 5 = -t + 15. Suppose -4*b - 20 = 0, i*c - 61 = 3*b + 20. What are the prime factors of c?
2, 11
Suppose -178 = 3*h - 2743. List the prime factors of h.
3, 5, 19
Let v be (0 - -1)/((-8)/(-9728)). Suppose 7*i = 3*i + v. List the prime factors of i.
2, 19
Let z = -250 - -2. Let q = 425 + z. What are the prime factors of q?
3, 59
Let o(m) = -m**3 + 5*m**2 + 2*m - 10. Let y = 1 + 4. Let v be o(y). Suppose -4*r + 38 + 74 = v. List the prime factors of r.
2, 7
What are the prime factors of 6585/(-10)*4/(-3)?
2, 439
Let n be (-2 - -2) + (-56)/(-2). Let l = -42 + n. Let k = l + 33. List the prime factors of k.
19
Let d(m) = 5*m - 2. Let k be d(1). Let r(i) = -6*i**k - 25 - 2*i**2 + i + 15 + 12. List the prime factors of r(-2).
2, 5
Let t = 24 + -26. List the prime factors of 2/((-4)/(-207)) + 3/t.
2, 3, 17
Suppose -x + 98 = 92. Let p(s) = s**2 + 8*s + 4. What are the prime factors of p(x)?
2, 11
Let o = 77 - 74. Suppose o*l - 94 = 4*w + 13, 4 = l + 5*w. What are the prime factors of l?
29
Suppose -6 + 26 = 2*v. Let l(h) = -h**3 - 6*h**2 + 6*h - 5. Let o be l(-7). Suppose o*m = m + v. List the prime factors of m.
2, 5
Let o(r) = -3 - 3*r - r**3 - 3*r + 7*r + 2*r**2 + 3*r. Let l be o(3). Suppose 5*k + l*k - 65 = 0. List the prime factors of k.
13
Let u(l) = 7*l**2 - 8. Suppose 0 = -3*i + 3*m, -5*i - 2*m - 2*m + 36 = 0. Let d be u(i). Let g = d - 60. List the prime factors of g.
2, 11
Let w(j) = -31*j + 4 - 3 - 3 + 4. What are the prime factors of w(-2)?
2
Let n(m) = m**3 + 12*m**2 - 4*m - 19. What are the prime factors of n(-6)?
13, 17
Let d = -1197 - -2148. Suppose 8*t - 5*t + r = 569, -5*t + d = 3*r. List the prime factors of t.
3, 7
Suppose 0 = -5*h - 3*d + 20, -7*h + 16 = -3*h + 2*d. Suppose 389 = 5*y - h*r, -2*y - 61 = -3*y + 5*r. What are the prime factors of y?
3
List the prime factors of (-8 + 11)/((-377)/(-187) + -2).
11, 17
Let y be 1/(0 + 2/(-378)). Let f = -130 - y. What are the prime factors of f?
59
Let t(o) be the first derivative of -o**4/4 - 2*o**3/3 - 2*o**2 - 14*o - 43. What are the prime factors of t(-4)?
2, 17
Suppose 36*p = 38*p - 850. Suppose -4*v + p = -5*y, -4*v + 455 = y + 36. List the prime factors of v.
3, 5, 7
Suppose -38 - 42 = -5*y. Suppose -96 = -2*s + y. List the prime factors of s.
2, 7
Let q be -1 - -4 - (-4 - -5). Let y be ((0 - q) + 3)*-40. What are the prime factors of (-1 - 0)*(y - -3)?
37
Suppose -3*o + 8 = -109. Suppose 45 + o = 6*c. What are the prime factors of c?
2, 7
Let o be 7/((-35)/(-60))*(-1)/(-2). Suppose 2*b - p - 231 = -o*p, -b + 5*p = -78. List the prime factors of b.
103
Let d(l) = -l**2 + 3*l + 1. Let b be d(2). Suppose b*a = 5*a + 76. Let s = 64 + a. List the prime factors of s.
2, 13
Suppose -2*b - 4*p - 2762 = -4*b, 5*p = -5*b + 6950. List the prime factors of b.
19, 73
Let l be ((-40)/(-24))/((-5)/(-6)). Suppose 0 = 4*b - 5*i - 433 - 40, 3*i - 348 = -3*b. Suppose s = -l*s + b. What are the prime factors of s?
3, 13
Suppose 12*q + 9*q = 28119. List the prime factors of q.
13, 103
Suppose 5*g = 3*t - 3560, 2*t + 4*g = 763 + 1647. What are the prime factors of t?
5, 239
Let y(h) = 2*h**3 - 9*h**2 + 3*h + 4. Let c be y(7). Suppose -4*z - z + c = 0. What are the prime factors of z?
2, 3
Let i = 2343 - 1082. List the prime factors of i.
13, 97
List the prime factors of (1092 - 0)*(13/26 + 3).
2, 3, 7, 13
Suppose 5 = 5*g - 5. Suppose 2*l + 4*f - 12 = -f, g*f = -l + 5. List the prime factors of (-17)/((l/1)/(-4)).
2, 17
Suppose 0 = 4*o - 8. Suppose c - 4*f = 18, 1 = -2*c + o*f + 7. List the prime factors of (-13 - -14)/(c/(-78)).
3, 13
Suppose 30*d - 3628 + 268 = 0. List the prime factors of d.
2, 7
Suppose -z - 2*x + 14 = -x, 4*x + 43 = 5*z. Let r = z + -4. List the prime factors of (-5 + r)/((-2)/(-33)).
3, 11
Let z(h) = -h**2 - 11*h + 421. What are the prime factors of z(0)?
421
Let p(t) = -t**2 - 3*t + 84. Suppose -5*s - 2*l - 2*l - 20 = 0, 4*s - 4*l - 20 = 0. What are the prime factors of p(s)?
2, 3, 7
Suppose 0 = -4*h - 2*w + 5 + 3, -5*w = 0. What are the prime factors of (-1 - (-108)/(-3))/(-1) + h?
3, 13
Let f(k) = 4*k**2 + 2*k + 5. Let i be (-4)/(-8) - 13/2. List the prime factors of f(i).
137
Let l = 3629 + -2424. List the prime factors of l.
5, 241
Let g(i) = i**2 + 16*i + 85. List the prime factors of g(-14).
3, 19
Let l(r) be the first derivative of -4*r - 2*r**2 + 3*r**2 - 1 + 2*r - r. What are the prime factors of l(4)?
5
Let h = 6 - -10. Let g(t) = -t**3 + 16*t**2 + 5*t - 1. What are the prime factors of g(h)?
79
Let w(s) = -7*s - 15. Let j = -20 + 20. Suppose 32 = -j*g - 4*g. List the prime factors of w(g).
41
Suppose 0 = -3*u + 2*u + 2*d - 8, 3*u = 4*d - 16. Suppose 3*y - 9 + 0 = u. Wh